{"id":192,"date":"2016-06-18T07:51:44","date_gmt":"2016-06-18T07:51:44","guid":{"rendered":"http:\/\/pension-eulenhof.vasters.de\/?page_id=192"},"modified":"2023-08-05T07:04:58","modified_gmt":"2023-08-05T07:04:58","slug":"anfrage","status":"publish","type":"page","link":"https:\/\/pension-eulenhof.vasters.de\/?page_id=192","title":{"rendered":"Kontakt"},"content":{"rendered":"<h4><strong>31.05.-02.06.2024 (K\u00e4rbholzheimspiel) bitte nicht mehr anfragen. Wir sind ausgebucht!<\/strong><\/h4>\n<h4><strong>Gerne nehmen wir IHRE Anfrage<\/strong><\/h4>\n<p>per Festnetz 02292 &#8211; 959 276 oder<br \/>\nper Mobiltelefon 0177 &#8211; 555 1975 oder<br \/>\nper Email <a target=\"_blank\" href=\"javascript:;\" data-enc-email=\"vasb[at]crafvba-rhyraubs.qr\" class=\"mail-link\" data-wpel-link=\"ignore\">Pension Eulenhof<\/a> entgegen.<\/p>\n<p>Bitte ber\u00fccksichtigen Sie bei Ihrer Anfrage, dass wir lediglich \u00fcber Einzel- und Doppelzimmer verf\u00fcgen. <strong>Die Unterbringung in Zustell- oder Luftbetten f\u00fcr weitere Personen ist nicht m\u00f6glich!<\/strong><\/p>\n<p>Alternativ k\u00f6nnen Sie auch gerne unser Buchungsformular f\u00fcr IHRE Anfrage benutzen:<\/p>\n<p><strong>Buchungsformular<\/strong><\/p>\n\n<div class=\"wpcf7 no-js\" id=\"wpcf7-f191-o1\" lang=\"de-DE\" dir=\"ltr\">\n<div class=\"screen-reader-response\"><p role=\"status\" aria-live=\"polite\" aria-atomic=\"true\"><\/p> <ul><\/ul><\/div>\n<form action=\"\/index.php?rest_route=%2Fwp%2Fv2%2Fpages%2F192#wpcf7-f191-o1\" method=\"post\" class=\"wpcf7-form init\" aria-label=\"Kontaktformular\" novalidate=\"novalidate\" data-status=\"init\">\n<div style=\"display: none;\">\n<input type=\"hidden\" name=\"_wpcf7\" value=\"191\" \/>\n<input type=\"hidden\" name=\"_wpcf7_version\" value=\"5.8.5\" \/>\n<input type=\"hidden\" name=\"_wpcf7_locale\" value=\"de_DE\" \/>\n<input type=\"hidden\" name=\"_wpcf7_unit_tag\" value=\"wpcf7-f191-o1\" \/>\n<input type=\"hidden\" name=\"_wpcf7_container_post\" value=\"0\" \/>\n<input type=\"hidden\" name=\"_wpcf7_posted_data_hash\" value=\"\" \/>\n<\/div>\n<p>Ihr Name (Pflichtfeld)\n<\/p>\n<p><span class=\"wpcf7-form-control-wrap\" data-name=\"your-name\"><input size=\"40\" class=\"wpcf7-form-control wpcf7-text wpcf7-validates-as-required\" aria-required=\"true\" aria-invalid=\"false\" value=\"\" type=\"text\" name=\"your-name\" \/><\/span>\n<\/p>\n<p>Ihre E-Mail-Adresse (Pflichtfeld)\n<\/p>\n<p><span class=\"wpcf7-form-control-wrap\" data-name=\"your-email\"><input size=\"40\" class=\"wpcf7-form-control wpcf7-email wpcf7-validates-as-required wpcf7-text wpcf7-validates-as-email\" aria-required=\"true\" aria-invalid=\"false\" value=\"\" type=\"email\" name=\"your-email\" \/><\/span>\n<\/p>\n<p>Ihre Telefonnummer\n<\/p>\n<p><span class=\"wpcf7-form-control-wrap\" data-name=\"tel-118\"><input size=\"40\" class=\"wpcf7-form-control wpcf7-tel wpcf7-text wpcf7-validates-as-tel\" aria-invalid=\"false\" value=\"\" type=\"tel\" name=\"tel-118\" \/><\/span>\n<\/p>\n<p>Betreff\n<\/p>\n<p><span class=\"wpcf7-form-control-wrap\" data-name=\"your-subject\"><input size=\"40\" class=\"wpcf7-form-control wpcf7-text\" aria-invalid=\"false\" value=\"\" type=\"text\" name=\"your-subject\" \/><\/span>\n<\/p>\n<p>Ihre Nachricht\n<\/p>\n<p><span class=\"wpcf7-form-control-wrap\" data-name=\"your-message\"><textarea cols=\"40\" rows=\"10\" class=\"wpcf7-form-control wpcf7-textarea\" aria-invalid=\"false\" name=\"your-message\"><\/textarea><\/span>\n<\/p>\n<p>Gew\u00fcnschter Aufenthaltszeitraum\n<\/p>\n<p><span class=\"wpcf7-form-control-wrap\" data-name=\"text-772\"><input size=\"40\" class=\"wpcf7-form-control wpcf7-text\" aria-invalid=\"false\" value=\"\" type=\"text\" name=\"text-772\" \/><\/span>\n<\/p>\n<p>Anzahl Personen:\n<\/p>\n<p><span class=\"wpcf7-form-control-wrap\" data-name=\"number-195\"><input class=\"wpcf7-form-control wpcf7-number wpcf7-validates-as-number\" min=\"1\" max=\"8\" aria-invalid=\"false\" value=\"\" type=\"number\" name=\"number-195\" \/><\/span>\n<\/p>\n<p>Anzahl Zimmer (Maximalbelegung pro Zimmer: 2 Personen):\n<\/p>\n<p><span class=\"wpcf7-form-control-wrap\" data-name=\"number-542\"><input class=\"wpcf7-form-control wpcf7-number wpcf7-validates-as-number\" min=\"1\" max=\"4\" aria-invalid=\"false\" value=\"\" type=\"number\" name=\"number-542\" \/><\/span>\n<\/p>\n<p><input class=\"wpcf7-form-control wpcf7-submit has-spinner\" type=\"submit\" value=\"Senden\" \/>\n<\/p><div class=\"wpcf7-response-output\" aria-hidden=\"true\"><\/div>\n<\/form>\n<\/div>\n\n","protected":false},"excerpt":{"rendered":"<p>31.05.-02.06.2024 (K\u00e4rbholzheimspiel) bitte nicht mehr anfragen. Wir sind ausgebucht! Gerne nehmen wir IHRE Anfrage per Festnetz 02292 &#8211; 959 276 oder per Mobiltelefon 0177 &#8211; 555 1975 oder per Email entgegen. Bitte ber\u00fccksichtigen Sie bei Ihrer Anfrage, dass wir lediglich \u00fcber Einzel- und Doppelzimmer verf\u00fcgen. Die Unterbringung in Zustell- oder\u2026<\/p>\n<p class=\"continue-reading-button\"> <a class=\"continue-reading-link\" href=\"https:\/\/pension-eulenhof.vasters.de\/?page_id=192\">Continue reading<i class=\"crycon-right-dir\"><\/i><\/a><\/p>\n","protected":false},"author":1,"featured_media":0,"parent":0,"menu_order":0,"comment_status":"closed","ping_status":"closed","template":"","meta":{"jetpack_post_was_ever_published":false,"footnotes":""},"jetpack_sharing_enabled":true,"jetpack_shortlink":"https:\/\/wp.me\/P7BQST-36","jetpack-related-posts":[{"id":421,"url":"https:\/\/pension-eulenhof.vasters.de\/?page_id=421","url_meta":{"origin":192,"position":0},"title":"H\u00e4ufige Fragen","author":"bvasters","date":"August 23, 2016","format":false,"excerpt":"Kann ich auch eine \u00dcbernachtung ohne Fr\u00fchst\u00fcck buchen? Nat\u00fcrlich k\u00f6nnen Sie das. Allerdings entgeht Ihnen\u00a0dann ein reichhaltiges Fr\u00fchst\u00fccksbuffet in unserem historischen Backhaus. Bei \u00dcbernachtung ohne Fr\u00fchst\u00fcck reduziert sich der Zimmerpreis um 7,50 \u20ac pro Person und \u00dcbernachtung. Kann ich auch bei Ihnen fr\u00fchst\u00fccken ohne zu \u00fcbernachten? Das ist leider nicht\u2026","rel":"","context":"\u00c4hnlicher Beitrag","block_context":{"text":"\u00c4hnlicher Beitrag","link":""},"img":{"alt_text":"","src":"","width":0,"height":0},"classes":[]},{"id":329,"url":"https:\/\/pension-eulenhof.vasters.de\/?page_id=329","url_meta":{"origin":192,"position":1},"title":"PREISE","author":"bvasters","date":"Juni 19, 2016","format":false,"excerpt":"PREISE AB 01.01.2025 Einzelzimmer mit Fr\u00fchst\u00fcck \u00a0 \u00a0 \u00a0 \u00a052.- \u20ac (Zimmerpreis f\u00fcr eine \u00dcbernachtung) Doppelzimmer mit Fr\u00fchst\u00fcck \u00a0 \u00a0 \u00a082.- \u20ac (Zimmerpreis f\u00fcr eine \u00dcbernachtung) Studio mit kleiner K\u00fcche \u00a0 \u00a0 \u00a0 \u00a0 \u00a0 \u00a0 \u00a099.- \u20ac (Preis f\u00fcr eine \u00dcbernachtung) Alle Zimmer mit Bad\/WC\/TV, Einzel- oder Doppelbetten, Bettw\u00e4sche,\u2026","rel":"","context":"\u00c4hnlicher Beitrag","block_context":{"text":"\u00c4hnlicher Beitrag","link":""},"img":{"alt_text":"","src":"","width":0,"height":0},"classes":[]},{"id":600,"url":"https:\/\/pension-eulenhof.vasters.de\/?page_id=600","url_meta":{"origin":192,"position":2},"title":"Datenschutzerkl\u00e4rung","author":"bvasters","date":"Mai 16, 2018","format":false,"excerpt":"Diese Datenschutzerkl\u00e4rung kl\u00e4rt Sie \u00fcber die Art, den Umfang und Zweck der Verarbeitung von personenbezogenen Daten (nachfolgend kurz \u201eDaten\u201c) innerhalb unseres Onlineangebotes und der mit ihm verbundenen Webseiten, Funktionen und Inhalte sowie externen Onlinepr\u00e4senzen, wie z.B. unser Social Media Profile auf. (nachfolgend gemeinsam bezeichnet als \u201eOnlineangebot\u201c). Im Hinblick auf die\u2026","rel":"","context":"\u00c4hnlicher Beitrag","block_context":{"text":"\u00c4hnlicher Beitrag","link":""},"img":{"alt_text":"","src":"","width":0,"height":0},"classes":[]},{"id":17,"url":"https:\/\/pension-eulenhof.vasters.de\/?page_id=17","url_meta":{"origin":192,"position":3},"title":"Qualit\u00e4tsgastgeber","author":"bvasters","date":"Mai 26, 2016","format":false,"excerpt":"Das G\u00fctesiegel \u201eQualit\u00e4tsgastgeber Sieg\u201c steht f\u00fcr eine besondere Wanderfreundlichkeit, kontrollierten Service und Qualit\u00e4t. Um das Zertifikat zu erhalten, m\u00fcssen Betriebe eine Vielzahl von Kriterien in den Kategorien Personal, Ausstattung, Service und ggf. Verpflegung erf\u00fcllen, die sich an den Bed\u00fcrfnissen der Wanderer orientieren. Den Wanderer erwartet in den ausgezeichneten Betrieben unter\u2026","rel":"","context":"\u00c4hnlicher Beitrag","block_context":{"text":"\u00c4hnlicher Beitrag","link":""},"img":{"alt_text":"","src":"","width":0,"height":0},"classes":[]},{"id":529,"url":"https:\/\/pension-eulenhof.vasters.de\/?page_id=529","url_meta":{"origin":192,"position":4},"title":"Arrangements","author":"bvasters","date":"April 9, 2017","format":false,"excerpt":"\"Romantische Auszeit\" mit Candlelight-Dinner \u00a0 G\u00f6nnen Sie sich eine kurze Auszeit zu zweit in einem besonderen Ambiente! Das Naherholungsgebiet Windecker-L\u00e4ndchen bietet viele M\u00f6glichkeiten f\u00fcr Ausfl\u00fcge und die Stadt K\u00f6ln ist mit dem Auto oder mit der Bahn von den Bahnh\u00f6fen in Rosbach und Schladern bequem erreichbar. Die Sieg, die 100m\u2026","rel":"","context":"\u00c4hnlicher Beitrag","block_context":{"text":"\u00c4hnlicher Beitrag","link":""},"img":{"alt_text":"","src":"","width":0,"height":0},"classes":[]},{"id":408,"url":"https:\/\/pension-eulenhof.vasters.de\/?page_id=408","url_meta":{"origin":192,"position":5},"title":"Partner","author":"bvasters","date":"August 1, 2016","format":false,"excerpt":"Freunde des Angelsportes bekommen im Gasthof Rolandseck Tagesscheine\u00a0f\u00fcr das Vereinsgew\u00e4sser des ASV\u00a0Obere Sieg e.V. zum Preis von 8,00 Euro. Weitere Infos auf der Internetseite des Gasthof Rolandseck unter der Rubrik: Angeln an der Sieg. Lecker Bierchen und schmackhaftes Essen gibt es im Gasthof nat\u00fcrlich auch. Gasthof Rolandseck Rathaustra\u00dfe 47 an\u2026","rel":"","context":"\u00c4hnlicher Beitrag","block_context":{"text":"\u00c4hnlicher Beitrag","link":""},"img":{"alt_text":"","src":"","width":0,"height":0},"classes":[]}],"_links":{"self":[{"href":"https:\/\/pension-eulenhof.vasters.de\/index.php?rest_route=\/wp\/v2\/pages\/192"}],"collection":[{"href":"https:\/\/pension-eulenhof.vasters.de\/index.php?rest_route=\/wp\/v2\/pages"}],"about":[{"href":"https:\/\/pension-eulenhof.vasters.de\/index.php?rest_route=\/wp\/v2\/types\/page"}],"author":[{"embeddable":true,"href":"https:\/\/pension-eulenhof.vasters.de\/index.php?rest_route=\/wp\/v2\/users\/1"}],"replies":[{"embeddable":true,"href":"https:\/\/pension-eulenhof.vasters.de\/index.php?rest_route=%2Fwp%2Fv2%2Fcomments&post=192"}],"version-history":[{"count":28,"href":"https:\/\/pension-eulenhof.vasters.de\/index.php?rest_route=\/wp\/v2\/pages\/192\/revisions"}],"predecessor-version":[{"id":762,"href":"https:\/\/pension-eulenhof.vasters.de\/index.php?rest_route=\/wp\/v2\/pages\/192\/revisions\/762"}],"wp:attachment":[{"href":"https:\/\/pension-eulenhof.vasters.de\/index.php?rest_route=%2Fwp%2Fv2%2Fmedia&parent=192"}],"curies":[{"name":"wp","href":"https:\/\/api.w.org\/{rel}","templated":true}]}}

<h4><strong>31.05.-02.06.2024 (Kärbholzheimspiel) bitte nicht mehr anfragen. Wir sind ausgebucht!</strong></h4>
<h4><strong>Gerne nehmen wir IHRE Anfrage</strong></h4>
<p>per Festnetz 02292 &#8211; 959 276 oder<br />
per Mobiltelefon 0177 &#8211; 555 1975 oder<br />
per Email <a target="_blank" href="javascript:;" data-enc-email="vasb[at]crafvba-rhyraubs.qr" class="mail-link" data-wpel-link="ignore">Pension Eulenhof</a> entgegen.</p>
<p>Bitte berücksichtigen Sie bei Ihrer Anfrage, dass wir lediglich über Einzel- und Doppelzimmer verfügen. <strong>Die Unterbringung in Zustell- oder Luftbetten für weitere Personen ist nicht möglich!</strong></p>
<p>Alternativ können Sie auch gerne unser Buchungsformular für IHRE Anfrage benutzen:</p>
<p><strong>Buchungsformular</strong></p>

<div class="wpcf7 no-js" id="wpcf7-f191-o1" lang="de-DE" dir="ltr">
<div class="screen-reader-response"><p role="status" aria-live="polite" aria-atomic="true"></p> <ul></ul></div>
<form action="/index.php?rest_route=%2Fwp%2Fv2%2Fpages%2F192#wpcf7-f191-o1" method="post" class="wpcf7-form init" aria-label="Kontaktformular" novalidate="novalidate" data-status="init">
<div style="display: none;">
<input type="hidden" name="_wpcf7" value="191" />
<input type="hidden" name="_wpcf7_version" value="5.8.5" />
<input type="hidden" name="_wpcf7_locale" value="de_DE" />
<input type="hidden" name="_wpcf7_unit_tag" value="wpcf7-f191-o1" />
<input type="hidden" name="_wpcf7_container_post" value="0" />
<input type="hidden" name="_wpcf7_posted_data_hash" value="" />
</div>
<p>Ihr Name (Pflichtfeld)
</p>
<p><span class="wpcf7-form-control-wrap" data-name="your-name"><input size="40" class="wpcf7-form-control wpcf7-text wpcf7-validates-as-required" aria-required="true" aria-invalid="false" value="" type="text" name="your-name" /></span>
</p>
<p>Ihre E-Mail-Adresse (Pflichtfeld)
</p>
<p><span class="wpcf7-form-control-wrap" data-name="your-email"><input size="40" class="wpcf7-form-control wpcf7-email wpcf7-validates-as-required wpcf7-text wpcf7-validates-as-email" aria-required="true" aria-invalid="false" value="" type="email" name="your-email" /></span>
</p>
<p>Ihre Telefonnummer
</p>
<p><span class="wpcf7-form-control-wrap" data-name="tel-118"><input size="40" class="wpcf7-form-control wpcf7-tel wpcf7-text wpcf7-validates-as-tel" aria-invalid="false" value="" type="tel" name="tel-118" /></span>
</p>
<p>Betreff
</p>
<p><span class="wpcf7-form-control-wrap" data-name="your-subject"><input size="40" class="wpcf7-form-control wpcf7-text" aria-invalid="false" value="" type="text" name="your-subject" /></span>
</p>
<p>Ihre Nachricht
</p>
<p><span class="wpcf7-form-control-wrap" data-name="your-message"><textarea cols="40" rows="10" class="wpcf7-form-control wpcf7-textarea" aria-invalid="false" name="your-message"></textarea></span>
</p>
<p>Gewünschter Aufenthaltszeitraum
</p>
<p><span class="wpcf7-form-control-wrap" data-name="text-772"><input size="40" class="wpcf7-form-control wpcf7-text" aria-invalid="false" value="" type="text" name="text-772" /></span>
</p>
<p>Anzahl Personen:
</p>
<p><span class="wpcf7-form-control-wrap" data-name="number-195"><input class="wpcf7-form-control wpcf7-number wpcf7-validates-as-number" min="1" max="8" aria-invalid="false" value="" type="number" name="number-195" /></span>
</p>
<p>Anzahl Zimmer (Maximalbelegung pro Zimmer: 2 Personen):
</p>
<p><span class="wpcf7-form-control-wrap" data-name="number-542"><input class="wpcf7-form-control wpcf7-number wpcf7-validates-as-number" min="1" max="4" aria-invalid="false" value="" type="number" name="number-542" /></span>
</p>
<p><input class="wpcf7-form-control wpcf7-submit has-spinner" type="submit" value="Senden" />
</p><div class="wpcf7-response-output" aria-hidden="true"></div>
</form>
</div>

<p>31.05.-02.06.2024 (Kärbholzheimspiel) bitte nicht mehr anfragen. Wir sind ausgebucht! Gerne nehmen wir IHRE Anfrage per Festnetz 02292 &#8211; 959 276 oder per Mobiltelefon 0177 &#8211; 555 1975 oder per Email entgegen. Bitte berücksichtigen Sie bei Ihrer Anfrage, dass wir lediglich über Einzel- und Doppelzimmer verfügen. Die Unterbringung in Zustell- oder…</p>
<p class="continue-reading-button"> <a class="continue-reading-link" href="https://pension-eulenhof.vasters.de/?page_id=192">Continue reading<i class="crycon-right-dir"></i></a></p>

Häufige Fragen

Kann ich auch eine Übernachtung ohne Frühstück buchen? Natürlich können Sie das. Allerdings entgeht Ihnen dann ein reichhaltiges Frühstücksbuffet in unserem historischen Backhaus. Bei Übernachtung ohne Frühstück reduziert sich der Zimmerpreis um 7,50 € pro Person und Übernachtung. Kann ich auch bei Ihnen frühstücken ohne zu übernachten? Das ist leider nicht…

Ähnlicher Beitrag

PREISE AB 01.01.2025 Einzelzimmer mit Frühstück        52.- € (Zimmerpreis für eine Übernachtung) Doppelzimmer mit Frühstück      82.- € (Zimmerpreis für eine Übernachtung) Studio mit kleiner Küche              99.- € (Preis für eine Übernachtung) Alle Zimmer mit Bad/WC/TV, Einzel- oder Doppelbetten, Bettwäsche,…

Datenschutzerklärung

Diese Datenschutzerklärung klärt Sie über die Art, den Umfang und Zweck der Verarbeitung von personenbezogenen Daten (nachfolgend kurz „Daten“) innerhalb unseres Onlineangebotes und der mit ihm verbundenen Webseiten, Funktionen und Inhalte sowie externen Onlinepräsenzen, wie z.B. unser Social Media Profile auf. (nachfolgend gemeinsam bezeichnet als „Onlineangebot“). Im Hinblick auf die…

Qualitätsgastgeber

Das Gütesiegel „Qualitätsgastgeber Sieg“ steht für eine besondere Wanderfreundlichkeit, kontrollierten Service und Qualität. Um das Zertifikat zu erhalten, müssen Betriebe eine Vielzahl von Kriterien in den Kategorien Personal, Ausstattung, Service und ggf. Verpflegung erfüllen, die sich an den Bedürfnissen der Wanderer orientieren. Den Wanderer erwartet in den ausgezeichneten Betrieben unter…

"Romantische Auszeit" mit Candlelight-Dinner   Gönnen Sie sich eine kurze Auszeit zu zweit in einem besonderen Ambiente! Das Naherholungsgebiet Windecker-Ländchen bietet viele Möglichkeiten für Ausflüge und die Stadt Köln ist mit dem Auto oder mit der Bahn von den Bahnhöfen in Rosbach und Schladern bequem erreichbar. Die Sieg, die 100m…

Freunde des Angelsportes bekommen im Gasthof Rolandseck Tagesscheine für das Vereinsgewässer des ASV Obere Sieg e.V. zum Preis von 8,00 Euro. Weitere Infos auf der Internetseite des Gasthof Rolandseck unter der Rubrik: Angeln an der Sieg. Lecker Bierchen und schmackhaftes Essen gibt es im Gasthof natürlich auch. Gasthof Rolandseck Rathaustraße 47 an…
