{"id":17,"date":"2016-05-26T10:46:19","date_gmt":"2016-05-26T10:46:19","guid":{"rendered":"http:\/\/pension-eulenhof.vasters.de\/?page_id=17"},"modified":"2023-09-24T02:15:16","modified_gmt":"2023-09-24T02:15:16","slug":"wir-bieten-ihnen","status":"publish","type":"page","link":"https:\/\/pension-eulenhof.vasters.de\/?page_id=17","title":{"rendered":"Qualit\u00e4tsgastgeber"},"content":{"rendered":"<p><img loading=\"lazy\" decoding=\"async\" data-attachment-id=\"283\" data-permalink=\"https:\/\/pension-eulenhof.vasters.de\/?attachment_id=283\" data-orig-file=\"https:\/\/i0.wp.com\/pension-eulenhof.vasters.de\/wp-content\/uploads\/2016\/05\/qualitaetsgastgeber-sieg.jpg?fit=260%2C81&amp;ssl=1\" data-orig-size=\"260,81\" data-comments-opened=\"1\" data-image-meta=\"{&quot;aperture&quot;:&quot;0&quot;,&quot;credit&quot;:&quot;&quot;,&quot;camera&quot;:&quot;&quot;,&quot;caption&quot;:&quot;&quot;,&quot;created_timestamp&quot;:&quot;0&quot;,&quot;copyright&quot;:&quot;&quot;,&quot;focal_length&quot;:&quot;0&quot;,&quot;iso&quot;:&quot;0&quot;,&quot;shutter_speed&quot;:&quot;0&quot;,&quot;title&quot;:&quot;&quot;,&quot;orientation&quot;:&quot;0&quot;}\" data-image-title=\"qualitaetsgastgeber-sieg\" data-image-description=\"\" data-image-caption=\"\" data-medium-file=\"https:\/\/i0.wp.com\/pension-eulenhof.vasters.de\/wp-content\/uploads\/2016\/05\/qualitaetsgastgeber-sieg.jpg?fit=260%2C81&amp;ssl=1\" data-large-file=\"https:\/\/i0.wp.com\/pension-eulenhof.vasters.de\/wp-content\/uploads\/2016\/05\/qualitaetsgastgeber-sieg.jpg?fit=260%2C81&amp;ssl=1\" class=\"alignnone size-full wp-image-283\" src=\"https:\/\/i0.wp.com\/pension-eulenhof.vasters.de\/wp-content\/uploads\/2016\/05\/qualitaetsgastgeber-sieg.jpg?resize=260%2C81\" alt=\"qualitaetsgastgeber-sieg\" width=\"260\" height=\"81\" border=\"0\" srcset=\"https:\/\/i0.wp.com\/pension-eulenhof.vasters.de\/wp-content\/uploads\/2016\/05\/qualitaetsgastgeber-sieg.jpg?w=260&amp;ssl=1 260w, https:\/\/i0.wp.com\/pension-eulenhof.vasters.de\/wp-content\/uploads\/2016\/05\/qualitaetsgastgeber-sieg.jpg?resize=250%2C78&amp;ssl=1 250w, https:\/\/i0.wp.com\/pension-eulenhof.vasters.de\/wp-content\/uploads\/2016\/05\/qualitaetsgastgeber-sieg.jpg?resize=150%2C47&amp;ssl=1 150w\" sizes=\"(max-width: 260px) 100vw, 260px\" data-recalc-dims=\"1\" \/><\/p>\n<p>Das G\u00fctesiegel \u201eQualit\u00e4tsgastgeber Sieg\u201c steht f\u00fcr eine besondere Wanderfreundlichkeit, kontrollierten Service und Qualit\u00e4t.<\/p>\n<p>Um das Zertifikat zu erhalten, m\u00fcssen Betriebe eine Vielzahl von Kriterien in den Kategorien Personal, Ausstattung, Service und ggf. Verpflegung erf\u00fcllen, die sich an den Bed\u00fcrfnissen der Wanderer orientieren.<\/p>\n<p>Den Wanderer erwartet in den ausgezeichneten Betrieben unter anderem:<\/p>\n<ul>\n<li>Rad- und wanderkundige Mitarbeiter, die \u00fcber Wander- und Radangebote informiert sind und individuell Auskunft geben k\u00f6nnen<\/li>\n<li>eine Wanderapotheke mit Blasenpflaster und Zeckenzange<\/li>\n<li>Informationen \u00fcber das aktuelle Wetter<\/li>\n<li>Kartenmaterial zur Ansicht<\/li>\n<li>Routenvorschl\u00e4ge f\u00fcr ortsnahe Wanderungen und Tagestouren<\/li>\n<li>ein vielf\u00e4ltiges und gesundes Wanderfr\u00fchst\u00fcck<\/li>\n<li>regionaltypische, frische und gesunde K\u00fcche<\/li>\n<\/ul>\n<p>Dar\u00fcber hinaus bieten wir Ihnen:<\/p>\n<ul>\n<li>G\u00e4stezimmer im Landhausstil mit Dusche, WC und TV<\/li>\n<li>Einzel- oder Zweitbettzimmer<\/li>\n<li>Gek\u00fchlte Getr\u00e4nke<\/li>\n<\/ul>\n<p>Die Zimmer sind am Anreisetag ab 15 Uhr bezugsfertig und stehen Ihnen am Abreisetag bis 12 Uhr morgens zur Verf\u00fcgung. Nach 12 Uhr berechnen wir einen weiteren Tag. Den Rechnungsbetrag k\u00f6nnen Sie in bar oder per EC begleichen.<\/p>\n","protected":false},"excerpt":{"rendered":"<p>Das G\u00fctesiegel \u201eQualit\u00e4tsgastgeber Sieg\u201c steht f\u00fcr eine besondere Wanderfreundlichkeit, kontrollierten Service und Qualit\u00e4t. Um das Zertifikat zu erhalten, m\u00fcssen Betriebe eine Vielzahl von Kriterien in den Kategorien Personal, Ausstattung, Service und ggf. Verpflegung erf\u00fcllen, die sich an den Bed\u00fcrfnissen der Wanderer orientieren. Den Wanderer erwartet in den ausgezeichneten Betrieben unter\u2026<\/p>\n<p class=\"continue-reading-button\"> <a class=\"continue-reading-link\" href=\"https:\/\/pension-eulenhof.vasters.de\/?page_id=17\">Continue reading<i class=\"crycon-right-dir\"><\/i><\/a><\/p>\n","protected":false},"author":1,"featured_media":0,"parent":0,"menu_order":0,"comment_status":"closed","ping_status":"closed","template":"","meta":{"jetpack_post_was_ever_published":false,"footnotes":""},"jetpack_sharing_enabled":true,"jetpack_shortlink":"https:\/\/wp.me\/P7BQST-h","jetpack-related-posts":[{"id":329,"url":"https:\/\/pension-eulenhof.vasters.de\/?page_id=329","url_meta":{"origin":17,"position":0},"title":"PREISE","author":"bvasters","date":"Juni 19, 2016","format":false,"excerpt":"PREISE AB 01.01.2025 Einzelzimmer mit Fr\u00fchst\u00fcck \u00a0 \u00a0 \u00a0 \u00a052.- \u20ac (Zimmerpreis f\u00fcr eine \u00dcbernachtung) Doppelzimmer mit Fr\u00fchst\u00fcck \u00a0 \u00a0 \u00a082.- \u20ac (Zimmerpreis f\u00fcr eine \u00dcbernachtung) Studio mit kleiner K\u00fcche \u00a0 \u00a0 \u00a0 \u00a0 \u00a0 \u00a0 \u00a099.- \u20ac (Preis f\u00fcr eine \u00dcbernachtung) Alle Zimmer mit Bad\/WC\/TV, Einzel- oder Doppelbetten, Bettw\u00e4sche,\u2026","rel":"","context":"\u00c4hnlicher Beitrag","block_context":{"text":"\u00c4hnlicher Beitrag","link":""},"img":{"alt_text":"","src":"","width":0,"height":0},"classes":[]},{"id":600,"url":"https:\/\/pension-eulenhof.vasters.de\/?page_id=600","url_meta":{"origin":17,"position":1},"title":"Datenschutzerkl\u00e4rung","author":"bvasters","date":"Mai 16, 2018","format":false,"excerpt":"Diese Datenschutzerkl\u00e4rung kl\u00e4rt Sie \u00fcber die Art, den Umfang und Zweck der Verarbeitung von personenbezogenen Daten (nachfolgend kurz \u201eDaten\u201c) innerhalb unseres Onlineangebotes und der mit ihm verbundenen Webseiten, Funktionen und Inhalte sowie externen Onlinepr\u00e4senzen, wie z.B. unser Social Media Profile auf. (nachfolgend gemeinsam bezeichnet als \u201eOnlineangebot\u201c). Im Hinblick auf die\u2026","rel":"","context":"\u00c4hnlicher Beitrag","block_context":{"text":"\u00c4hnlicher Beitrag","link":""},"img":{"alt_text":"","src":"","width":0,"height":0},"classes":[]},{"id":249,"url":"https:\/\/pension-eulenhof.vasters.de\/?page_id=249","url_meta":{"origin":17,"position":2},"title":"Freizeitaktivit\u00e4ten","author":"bvasters","date":"Juni 18, 2016","format":false,"excerpt":"Windeck und Umgebung bieten sich f\u00fcr sportliche Aktivit\u00e4ten an: Angelsportfreunde finden hier viele M\u00f6glichkeiten und auch f\u00fcr Kanufahrer ist die Sieg ein tolles Revier. Angelscheine erhalten Sie beim Rolandseck in Windeck-Rosbach Telefon 02292-5360. Hoch hinauf geht es f\u00fcr alle Kletterer beim Hochseilgarten in Windeck-Rosbach. \u00a0 Wasserratten kommen in Windeck auf\u2026","rel":"","context":"\u00c4hnlicher Beitrag","block_context":{"text":"\u00c4hnlicher Beitrag","link":""},"img":{"alt_text":"","src":"https:\/\/i0.wp.com\/pension-eulenhof.de\/sport1.jpg?resize=350%2C200","width":350,"height":200},"classes":[]},{"id":289,"url":"https:\/\/pension-eulenhof.vasters.de\/?page_id=289","url_meta":{"origin":17,"position":3},"title":"Impressum","author":"bvasters","date":"Juni 19, 2016","format":false,"excerpt":"Pension Eulenhof Magdalena Vasters Im Eulenbruch 12 51570 Windeck-Rosbach Steuernummer: 220\/5475\/2111 Umsatzsteuer-Identifikationsnummer (USt-IdNr.): DE307905274 Haftungsausschluss Inhalt des Onlineangebotes Der Autor \u00fcbernimmt keinerlei Gew\u00e4hr f\u00fcr die Aktualit\u00e4t, Korrektheit, Vollst\u00e4ndigkeit oder Qualit\u00e4t der bereitgestellten Informationen. Haftungsanspr\u00fcche gegen den Autor, welche sich auf Sch\u00e4den materieller oder ideeller Art beziehen, die durch die Nutzung\u2026","rel":"","context":"\u00c4hnlicher Beitrag","block_context":{"text":"\u00c4hnlicher Beitrag","link":""},"img":{"alt_text":"","src":"","width":0,"height":0},"classes":[]},{"id":13,"url":"https:\/\/pension-eulenhof.vasters.de\/?page_id=13","url_meta":{"origin":17,"position":4},"title":"Der Eulenhof","author":"bvasters","date":"Mai 26, 2016","format":false,"excerpt":"Die Pension Eulenhof ist Teil eines Fachwerkensembles aus dem 18. Jahrhundert. Das Fachwerkanwesen befindet sich im Eulenbruch, einem Ortsteil der Stadt Rosbach. Zum Ort geh\u00f6rten annodazumal einige Bauernh\u00f6fe, ein Backhaus, eine R\u00e4ucherstube und ein W\u00e4schehaus. Die alte H\u00f6fe sind bis heute erhalten und die fr\u00fcher gemeinschaftlich genutzten Geb\u00e4ude wurden in\u2026","rel":"","context":"\u00c4hnlicher Beitrag","block_context":{"text":"\u00c4hnlicher Beitrag","link":""},"img":{"alt_text":"","src":"","width":0,"height":0},"classes":[]},{"id":421,"url":"https:\/\/pension-eulenhof.vasters.de\/?page_id=421","url_meta":{"origin":17,"position":5},"title":"H\u00e4ufige Fragen","author":"bvasters","date":"August 23, 2016","format":false,"excerpt":"Kann ich auch eine \u00dcbernachtung ohne Fr\u00fchst\u00fcck buchen? Nat\u00fcrlich k\u00f6nnen Sie das. Allerdings entgeht Ihnen\u00a0dann ein reichhaltiges Fr\u00fchst\u00fccksbuffet in unserem historischen Backhaus. Bei \u00dcbernachtung ohne Fr\u00fchst\u00fcck reduziert sich der Zimmerpreis um 7,50 \u20ac pro Person und \u00dcbernachtung. Kann ich auch bei Ihnen fr\u00fchst\u00fccken ohne zu \u00fcbernachten? Das ist leider nicht\u2026","rel":"","context":"\u00c4hnlicher Beitrag","block_context":{"text":"\u00c4hnlicher Beitrag","link":""},"img":{"alt_text":"","src":"","width":0,"height":0},"classes":[]}],"_links":{"self":[{"href":"https:\/\/pension-eulenhof.vasters.de\/index.php?rest_route=\/wp\/v2\/pages\/17"}],"collection":[{"href":"https:\/\/pension-eulenhof.vasters.de\/index.php?rest_route=\/wp\/v2\/pages"}],"about":[{"href":"https:\/\/pension-eulenhof.vasters.de\/index.php?rest_route=\/wp\/v2\/types\/page"}],"author":[{"embeddable":true,"href":"https:\/\/pension-eulenhof.vasters.de\/index.php?rest_route=\/wp\/v2\/users\/1"}],"replies":[{"embeddable":true,"href":"https:\/\/pension-eulenhof.vasters.de\/index.php?rest_route=%2Fwp%2Fv2%2Fcomments&post=17"}],"version-history":[{"count":32,"href":"https:\/\/pension-eulenhof.vasters.de\/index.php?rest_route=\/wp\/v2\/pages\/17\/revisions"}],"predecessor-version":[{"id":770,"href":"https:\/\/pension-eulenhof.vasters.de\/index.php?rest_route=\/wp\/v2\/pages\/17\/revisions\/770"}],"wp:attachment":[{"href":"https:\/\/pension-eulenhof.vasters.de\/index.php?rest_route=%2Fwp%2Fv2%2Fmedia&parent=17"}],"curies":[{"name":"wp","href":"https:\/\/api.w.org\/{rel}","templated":true}]}}

Qualitätsgastgeber

<p><img loading="lazy" decoding="async" data-attachment-id="283" data-permalink="https://pension-eulenhof.vasters.de/?attachment_id=283" data-orig-file="https://i0.wp.com/pension-eulenhof.vasters.de/wp-content/uploads/2016/05/qualitaetsgastgeber-sieg.jpg?fit=260%2C81&amp;ssl=1" data-orig-size="260,81" data-comments-opened="1" data-image-meta="{&quot;aperture&quot;:&quot;0&quot;,&quot;credit&quot;:&quot;&quot;,&quot;camera&quot;:&quot;&quot;,&quot;caption&quot;:&quot;&quot;,&quot;created_timestamp&quot;:&quot;0&quot;,&quot;copyright&quot;:&quot;&quot;,&quot;focal_length&quot;:&quot;0&quot;,&quot;iso&quot;:&quot;0&quot;,&quot;shutter_speed&quot;:&quot;0&quot;,&quot;title&quot;:&quot;&quot;,&quot;orientation&quot;:&quot;0&quot;}" data-image-title="qualitaetsgastgeber-sieg" data-image-description="" data-image-caption="" data-medium-file="https://i0.wp.com/pension-eulenhof.vasters.de/wp-content/uploads/2016/05/qualitaetsgastgeber-sieg.jpg?fit=260%2C81&amp;ssl=1" data-large-file="https://i0.wp.com/pension-eulenhof.vasters.de/wp-content/uploads/2016/05/qualitaetsgastgeber-sieg.jpg?fit=260%2C81&amp;ssl=1" class="alignnone size-full wp-image-283" src="https://i0.wp.com/pension-eulenhof.vasters.de/wp-content/uploads/2016/05/qualitaetsgastgeber-sieg.jpg?resize=260%2C81" alt="qualitaetsgastgeber-sieg" width="260" height="81" border="0" srcset="https://i0.wp.com/pension-eulenhof.vasters.de/wp-content/uploads/2016/05/qualitaetsgastgeber-sieg.jpg?w=260&amp;ssl=1 260w, https://i0.wp.com/pension-eulenhof.vasters.de/wp-content/uploads/2016/05/qualitaetsgastgeber-sieg.jpg?resize=250%2C78&amp;ssl=1 250w, https://i0.wp.com/pension-eulenhof.vasters.de/wp-content/uploads/2016/05/qualitaetsgastgeber-sieg.jpg?resize=150%2C47&amp;ssl=1 150w" sizes="(max-width: 260px) 100vw, 260px" data-recalc-dims="1" /></p>
<p>Das Gütesiegel „Qualitätsgastgeber Sieg“ steht für eine besondere Wanderfreundlichkeit, kontrollierten Service und Qualität.</p>
<p>Um das Zertifikat zu erhalten, müssen Betriebe eine Vielzahl von Kriterien in den Kategorien Personal, Ausstattung, Service und ggf. Verpflegung erfüllen, die sich an den Bedürfnissen der Wanderer orientieren.</p>
<p>Den Wanderer erwartet in den ausgezeichneten Betrieben unter anderem:</p>
<ul>
<li>Rad- und wanderkundige Mitarbeiter, die über Wander- und Radangebote informiert sind und individuell Auskunft geben können</li>
<li>eine Wanderapotheke mit Blasenpflaster und Zeckenzange</li>
<li>Informationen über das aktuelle Wetter</li>
<li>Kartenmaterial zur Ansicht</li>
<li>Routenvorschläge für ortsnahe Wanderungen und Tagestouren</li>
<li>ein vielfältiges und gesundes Wanderfrühstück</li>
<li>regionaltypische, frische und gesunde Küche</li>
</ul>
<p>Darüber hinaus bieten wir Ihnen:</p>
<ul>
<li>Gästezimmer im Landhausstil mit Dusche, WC und TV</li>
<li>Einzel- oder Zweitbettzimmer</li>
<li>Gekühlte Getränke</li>
</ul>
<p>Die Zimmer sind am Anreisetag ab 15 Uhr bezugsfertig und stehen Ihnen am Abreisetag bis 12 Uhr morgens zur Verfügung. Nach 12 Uhr berechnen wir einen weiteren Tag. Den Rechnungsbetrag können Sie in bar oder per EC begleichen.</p>

<p>Das Gütesiegel „Qualitätsgastgeber Sieg“ steht für eine besondere Wanderfreundlichkeit, kontrollierten Service und Qualität. Um das Zertifikat zu erhalten, müssen Betriebe eine Vielzahl von Kriterien in den Kategorien Personal, Ausstattung, Service und ggf. Verpflegung erfüllen, die sich an den Bedürfnissen der Wanderer orientieren. Den Wanderer erwartet in den ausgezeichneten Betrieben unter…</p>
<p class="continue-reading-button"> <a class="continue-reading-link" href="https://pension-eulenhof.vasters.de/?page_id=17">Continue reading<i class="crycon-right-dir"></i></a></p>

PREISE AB 01.01.2025 Einzelzimmer mit Frühstück        52.- € (Zimmerpreis für eine Übernachtung) Doppelzimmer mit Frühstück      82.- € (Zimmerpreis für eine Übernachtung) Studio mit kleiner Küche              99.- € (Preis für eine Übernachtung) Alle Zimmer mit Bad/WC/TV, Einzel- oder Doppelbetten, Bettwäsche,…

Ähnlicher Beitrag

Datenschutzerklärung

Diese Datenschutzerklärung klärt Sie über die Art, den Umfang und Zweck der Verarbeitung von personenbezogenen Daten (nachfolgend kurz „Daten“) innerhalb unseres Onlineangebotes und der mit ihm verbundenen Webseiten, Funktionen und Inhalte sowie externen Onlinepräsenzen, wie z.B. unser Social Media Profile auf. (nachfolgend gemeinsam bezeichnet als „Onlineangebot“). Im Hinblick auf die…

Freizeitaktivitäten

Windeck und Umgebung bieten sich für sportliche Aktivitäten an: Angelsportfreunde finden hier viele Möglichkeiten und auch für Kanufahrer ist die Sieg ein tolles Revier. Angelscheine erhalten Sie beim Rolandseck in Windeck-Rosbach Telefon 02292-5360. Hoch hinauf geht es für alle Kletterer beim Hochseilgarten in Windeck-Rosbach.   Wasserratten kommen in Windeck auf…

Pension Eulenhof Magdalena Vasters Im Eulenbruch 12 51570 Windeck-Rosbach Steuernummer: 220/5475/2111 Umsatzsteuer-Identifikationsnummer (USt-IdNr.): DE307905274 Haftungsausschluss Inhalt des Onlineangebotes Der Autor übernimmt keinerlei Gewähr für die Aktualität, Korrektheit, Vollständigkeit oder Qualität der bereitgestellten Informationen. Haftungsansprüche gegen den Autor, welche sich auf Schäden materieller oder ideeller Art beziehen, die durch die Nutzung…

Die Pension Eulenhof ist Teil eines Fachwerkensembles aus dem 18. Jahrhundert. Das Fachwerkanwesen befindet sich im Eulenbruch, einem Ortsteil der Stadt Rosbach. Zum Ort gehörten annodazumal einige Bauernhöfe, ein Backhaus, eine Räucherstube und ein Wäschehaus. Die alte Höfe sind bis heute erhalten und die früher gemeinschaftlich genutzten Gebäude wurden in…

Häufige Fragen

Kann ich auch eine Übernachtung ohne Frühstück buchen? Natürlich können Sie das. Allerdings entgeht Ihnen dann ein reichhaltiges Frühstücksbuffet in unserem historischen Backhaus. Bei Übernachtung ohne Frühstück reduziert sich der Zimmerpreis um 7,50 € pro Person und Übernachtung. Kann ich auch bei Ihnen frühstücken ohne zu übernachten? Das ist leider nicht…
